mainder when 8 is divided by j.
2
Let x(p) = -3*p**3 - p**2 + 6*p + 8. What is the remainder when 26 is divided by x(-2)?
10
Let r = -6 + 3. Let w(y) = -y**3 - 9*y**2 - 7*y - 10. Let h be w(-8). Calculate the remainder when 13 is divided by h/r + 1/1.
6
Suppose 4*t = 4*b - 60, b = 4*t + 7 + 23. Calculate the remainder when 27 is divided by b.
7
Let u be -8 + (-2)/(-2 + 4). Let s be (u/2)/((-12)/16). What is the remainder when 5*(2 + s/5) is divided by 9?
7
Let f(o) = -o**2 + 6*o + 6. Let v be f(6). Let l be (135/v)/(6/(-8)). Let x = 48 + l. What is the remainder when 52 is divided by x?
16
Let w(i) be the third derivative of i**6/120 - i**5/60 + 7*i**3/6 - i**2. What is the remainder when 12 is divided by w(0)?
5
Suppose 14 = -4*o - 2*k, -5*o - 5*k + 11 = 41. Calculate the remainder when 38 is divided by 19 + 2/(-2)*o.
18
Let b be 23/7 + 10/(-35). Suppose -1 = -2*x - b*k, 0 = -0*x + x + 5*k + 10. What is the remainder when 1*(-1 + (-24)/(-3)) is divided by x?
2
Let g(u) = 80*u - 14. Let d(q) = -27*q + 5. Let s(r) = 11*d(r) + 4*g(r). Let n be s(-1). Calculate the remainder when n*(39/(-12) + 2) is divided by 16.
14
Calculate the remainder when 166 is divided by 70/15*(-9)/(-2).
19
Calculate the remainder when 20 is divided by ((-26)/(-4))/(3/6).
7
Let s(v) = -18*v + 20. Calculate the remainder when s(-14) is divided by 25.
22
Let n = -14 + 30. Suppose 25 + 35 = -4*o. What is the remainder when n is divided by ((-90)/(-25))/((-6)/o)?
7
Suppose -4*z + 22 = 3*m, 5 = 5*z + 2*m - 19. What is the remainder when 36 is divided by 38*(1 - 2/z)?
17
Suppose 2*i + 8 = 3*i. Let b(o) = o. Let w be b(3). Suppose -5*z - m + 0 = -23, 3*z - w*m = 21. What is the remainder when i is divided by z?
3
Let c = 16 + -2. What is the remainder when 19 is divided by 3/((18/c)/3)?
5
Suppose 4*c - 5 = 11. Calculate the remainder when 15 is divided by c.
3
Calculate the remainder when 67 is divided by 26 - ((6 - 2) + -1).
21
Let d be 3/1 - (-1 - 22). Suppose s - d = -s. What is the remainder when s is divided by 8?
5
Let w(p) be the second derivative of p**5/20 - 3*p**4/4 + 3*p**3/2 - 5*p. Calculate the remainder when w(8) is divided by -1 + 0 - (-16)/4.
2
Suppose -3*m + 25 = -4*s, 3*s = m + 4*m - 49. Calculate the remainder when m is divided by 3.
2
Let i = 384 - 269. Suppose 3*v = -4*x + 149, 4*v + i = 3*x + 3*v. Calculate the remainder when x is divided by 13.
12
Let g(p) = 3*p**3 - 3*p**2. Calculate the remainder when (-129 + (-54)/9)*(-2)/6 is divided by g(2).
9
Suppose 3 = -a, -2*c + 5*c + a - 12 = 0. Let d = -17 - -26. Calculate the remainder when d is divided by c.
4
Let g = -68 + 28. Let w = g - -79. What is the remainder when w is divided by 21?
18
Let w be (64/(-5))/((-3)/(-15)). Let x = 102 + w. What is the remainder when x is divided by 20?
18
Suppose i - 2*f - 63 = 68, 3*f = 2*i - 257. What is the remainder when i is divided by 25?
21
Let r(v) = -16 - 3*v**3 - 3*v**3 + 5*v**3 - 10*v**2 - 14*v. Calculate the remainder when r(-9) is divided by 8.
5
Let j = -4 - -4. Suppose j*x + 50 = 2*x. Calculate the remainder when 48 is divided by x.
23
Let d = 50 - 31. What is the remainder when 74 is divided by d?
17
Let v(p) = -3*p - 3. Let a be v(-7). Suppose -3*h = -5*h + a. What is the remainder when h is divided by 6?
3
Let n(u) = 4*u**2 + 2 + 1 - 4*u - 2. What is the remainder when n(3) is divided by 13?
12
Calculate the remainder when (102/(-15))/((-6)/30) is divided by 7.
6
Let k(q) = q - 19. Let c be k(8). Let g = c - -13. Suppose -5*z - g = -22. Calculate the remainder when 7 is divided by z.
3
Suppose 0 = c + q + 3, 5*q + 24 = 5*c - 11. Let o be 17/(-5) - (-4)/10. Calculate the remainder when (o/(-4))/((-2)/(-8)) is divided by c.
1
Suppose q - 4*k = -10, -4*k + 8 = -2*k. Calculate the remainder when (-176)/(-24)*(0 - (-9)/6) is divided by q.
5
Suppose 5*j - 8*j = -78. What is the remainder when j is divided by 11?
4
Suppose 0*o + 26 = 4*g + o, -4*g + 4*o = -36. Calculate the remainder when 23 is divided by g.
2
Let o(i) = i + 3. Let p be o(-9). Let y = 2 - p. Calculate the remainder when 29 is divided by y.
5
Let l(h) = -h**3 + h + 6*h + 0*h**3 + 3 + 5*h**2. What is the remainder when 4/3*3*4 is divided by l(6)?
7
Suppose -5*o + 29 = v, -4 = 3*v - 5*o + 9. Let p(a) = -a**3 + 6*a**2 + a. Suppose -5*s + 25 = -5. Calculate the remainder when p(s) is divided by v.
2
Let u(c) be the second derivative of c**4/6 + 13*c**3/6 - c**2 + 5*c. Let h = 7 - -8. What is the remainder when u(-9) is divided by h?
13
Let v(o) = o**2 - 6*o - 1. Let s be v(7). Let d = s - -25. Calculate the remainder when d is divided by (0 - -1) + 0 - -10.
9
What is the remainder when ((-12)/20)/1*-40 is divided by 7?
3
Let p = -8 + 51. Suppose -4*f = 4*n - 64, n - 3*f - 10 = 2. What is the remainder when p is divided by n?
13
Let p = 27 - 15. Let y = -40 - -47. Calculate the remainder when p is divided by y.
5
Suppose z - 28 = -13. Calculate the remainder when 89 is divided by z.
14
Let w be (-132)/(-30) - (-4)/(-10). Suppose 0 = -w*l - 4, -213 = -4*x - 2*l + 3*l. Calculate the remainder when x is divided by 14.
11
Let v = 5 - 8. What is the remainder when 16 is divided by 1 - v - (2 + -4)?
4
Let j be 0 - (1 - 21/3). Suppose 0 = 4*v + j - 82. Calculate the remainder when 74 is divided by v.
17
Suppose 9 + 1 = 3*n - c, -3*n - 3*c + 18 = 0. What is the remainder when 15 is divided by (-119)/(-14) - 2/n?
7
Suppose -2*p = -3*a + 5*a - 40, -p - 4*a + 11 = 0. Calculate the remainder when p is divided by 6.
5
Suppose -3*h + 0*h + 15 = 0. Let q = 26 - 13. Calculate the remainder when q is divided by h.
3
Suppose -4*n - 3 = 29. Let p(y) = 16 + 2*y - 6*y + 5*y. What is the remainder when 23 is divided by p(n)?
7
Let m(l) = -13*l**2 - 2*l - 1. Let n be m(-1). Let i(j) = j**2 - j - 3. Calculate the remainder when n/(-20) + 66/15 is divided by i(3).
2
Suppose -2*p + 2 = -24. Let m(d) = -2*d - 2*d**2 - d**2 + 4*d**2 + 5*d + 10. Calculate the remainder when m(-8) is divided by p.
11
Suppose 4*y + 158 = 210. What is the remainder when 37 is divided by y?
11
Let c = 53 + -8. Calculate the remainder when c is divided by 19.
7
Let v be ((3 - 3) + -9)/(-1). Let f = -11 - v. Let l = 30 + f. What is the remainder when 18 is divided by l?
8
Let s(j) = j**2 + 7*j - 3. Let x be s(-7). What is the remainder when 79 is divided by (-2)/x + 58/3?
19
Let f = -7 + 42. Suppose 2*y - 11 = 13. Calculate the remainder when f is divided by y.
11
Let s(z) = z - 2. What is the remainder when (0 + -1)*126/(-14) is divided by s(7)?
4
Let k(p) = -3*p**3 - p**2 + 2*p + 2. Let u be k(-3). Suppose 3*w - w - u = 0. Calculate the remainder when w is divided by 12.
10
Suppose -5*c + 33 = 3. Let a = 137 + -126. What is the remainder when a is divided by c?
5
Suppose 0 = -4*z - 4*z + 432. Calculate the remainder when z is divided by 14.
12
Suppose 0 = 2*s - 4, 5*v - 4*s = -33 + 165. Calculate the remainder when 8 + 85/(-10) - (-214)/4 is divided by v.
25
Let o(v) = -3 - 2 + 4 + 10*v. Calculate the remainder when o(4) is divided by 14.
11
Let b = 124 - 111. Calculate the remainder when 103 is divided by b.
12
Let f(c) = 3*c - 5. Let m be (-6)/4 + 12/(-8). Let g = m - -16. Calculate the remainder when g is divided by f(4).
6
Let p(n) = -n**3 - n + 3. Let t be p(0). Suppose t = m - 6. Suppose -4*z + 116 = 4*q, 2*z - 2*q = 61 - 15. Calculate the remainder when z is divided by m.
8
Suppose 2*q + 10 = -3*q, -2*q + 47 = 3*j. What is the remainder when 116 is divided by j?
14
Let k = -18 - -54. What is the remainder when k is divided by 19?
17
Let a(k) = -2*k + 5. Calculate the remainder when 160 is divided by a(-2).
7
Suppose -f = 2*x - 48, -3*f - 2*x = -3*x - 165. What is the remainder when f is divided by 7?
5
Suppose -b + 3*c = -63, 3*b + 273 = 8*b - c. Calculate the remainder when 105 is divided by b.
51
Calculate the remainder when 29 is divided by (-4)/(-14) + 216/28.
5
Let m = -124 - -239. What is the remainder when m is divided by 30?
25
Let c(g) = g - 3. Let a be c(8). Suppose 37 = a*y - 4*y. What is the remainder when y is divided by 10?
7
Let y = 21 + 0. Suppose 4*n - 49 = -y. Let o = n + 33. Calculate the remainder when o is divided by 14.
12
Let d = -111 - -213. Let b = d + -61. Calculate the remainder when b is divided by 11.
8
Let j(